rs of r(q).
17
Let g(p) = p**3 - 4*p**2 - 6*p + 2. Let n be g(5). Let w = n - -2. List the prime factors of (148/20)/(w/(-5)).
37
Suppose -12*v + 5*w = -9*v - 2173, -2*v - 3*w + 1417 = 0. What are the prime factors of v?
2, 179
List the prime factors of (-5)/(-20)*(500 + 4 + 4).
127
Let a(n) = 3*n - 16. Let m be a(7). Let l(o) be the second derivative of o**3/3 - 3*o**2 + 2*o. What are the prime factors of l(m)?
2
Let n = 669 - -1019. List the prime factors of n.
2, 211
Let o be 4 - (-2 + 4 + -3). Let h = 14 + o. What are the prime factors of h?
19
Suppose 4*a = -2*u + 7 - 27, -5*a - 2*u - 23 = 0. List the prime factors of a*(-642)/126 - 2/7.
3, 5
Let w = 25 + -30. Let g = w + 7. Suppose -g*k = 5*a - 117, k + 0*k - 21 = -a. What are the prime factors of a?
5
Let p(m) = -m**3 - 16*m**2 - 5*m + 18. Let s be p(-16). Let q = s - 5. What are the prime factors of q?
3, 31
Suppose y = -15*o + 13*o + 2806, 0 = y + 3*o - 2809. What are the prime factors of y?
2, 5, 7
Suppose -25*d = -10*d - 16710. What are the prime factors of d?
2, 557
Suppose 20*m - 18*m = 286. Let z = m + -28. List the prime factors of z.
5, 23
Let g = -1 - -6. Suppose 4*l + g*x + 53 - 141 = 0, -2*l + 66 = -3*x. What are the prime factors of l?
3
Suppose -34*u = -35078 - 29862. What are the prime factors of u?
2, 5, 191
Let u(t) = 83*t**3 + 2*t - 1. Suppose -2*x + 16 = -4*z - 6, z = 3*x - 8. What are the prime factors of u(x)?
2, 3, 7
Let t(a) = -29*a - 24. Suppose 0 = -11*k + 7*k - 24. List the prime factors of t(k).
2, 3, 5
Let a(l) = 10*l**2 - 3*l. Suppose -3*o + 5 + 23 = 5*z, 0 = -5*o + 2*z + 26. Suppose -5*s + 22 = -3*w + o, -3*w = -4*s + 14. What are the prime factors of a(s)?
2, 17
Let s(t) be the first derivative of -5*t**2/2 - 22*t + 3. Let r be s(-16). Let d = -31 + r. What are the prime factors of d?
3
Let q = -7 - -17. Let w = q + -10. Suppose w = -2*f + 55 - 15. List the prime factors of f.
2, 5
Suppose 150*r = 160*r - 2290. List the prime factors of r.
229
Let p(k) = -k**3 - 9*k**2 + 8*k + 15. Suppose -3*d - 5*r = 76, 10 = -d + 3*r - 6. Let b = d + 12. What are the prime factors of p(b)?
5, 7
What are the prime factors of 3*-9*608/(-57)?
2, 3
List the prime factors of (1 - 2)/(-6 + 38843/6475).
5, 37
Let b = 167 - -160. List the prime factors of b.
3, 109
Let h be (8/6)/(9/27). Suppose -7 = -h*o - 3. List the prime factors of ((-196)/70)/(o/(-10)).
2, 7
Let y(c) = 11*c**2 + 10*c - 8. Let f = -68 + 73. List the prime factors of y(f).
317
Let x = -547 - -1177. List the prime factors of x.
2, 3, 5, 7
Suppose 1413*l + 540 = 1415*l. List the prime factors of l.
2, 3, 5
Let y = 2 - 1. Let g(x) = 35*x**3 - 2*x**2 - x + 2. Let q be g(y). Suppose 0 = 2*w - 36 - q. List the prime factors of w.
5, 7
Let o(l) = 2*l**2 + 3*l - 6. Let t be o(-4). Let p be 4/t + 57/21. Suppose -3*v + 330 = p*v. What are the prime factors of v?
5, 11
Let n(l) = -2*l + 9. Let o be n(4). Let j(x) = 98*x - 2. List the prime factors of j(o).
2, 3
Let j(v) = -v**2 - 5*v + 11. Let d be j(-7). Let t = d + 44. What are the prime factors of t?
41
Let j be (-1)/4 - 18/(-8). Suppose j*w - 19 = 21. Suppose -w = -3*o + 13. What are the prime factors of o?
11
Let m be (110/33)/((-2)/(-63)). Suppose -4*t - 4*c = -0 - 32, -c - 12 = -4*t. Suppose t*i + 0*z - z = m, 4*z = 4*i - 120. What are the prime factors of i?
5
Let y = -68 + -37. List the prime factors of (-1039)/(-8) + (2 - y/(-56)).
2, 5, 13
Suppose y - 7*x + 12*x = 999, 3996 = 4*y - 4*x. List the prime factors of y.
3, 37
Let m(f) = -f**2 + 6*f + 6. Let a be m(6). Let j = a + -4. What are the prime factors of ((-703)/38)/(j/(-4))?
37
Suppose 12*s - 8219 = 5329. What are the prime factors of s?
1129
Let n(b) = -23*b + 43. List the prime factors of n(-14).
5, 73
Suppose -88 = -2*j + 38. Suppose -b + j = 2*i + 3*i, 2*b - 56 = 4*i. List the prime factors of b.
2, 19
Let y(j) = 4*j**2 + j**3 - 2*j**2 - 7*j**2 + 4*j**2 + 20 - j. Suppose 0*o = -4*v + 5*o, -3*v = o. List the prime factors of y(v).
2, 5
Let o be 8/(-3)*(-4 + 22/4). List the prime factors of ((-2)/8 + 97/o)*-2.
7
Let k(a) = a**3 + 10*a**2 + 2*a + 4. Let z be k(-9). Suppose 2*s - z = 33. Suppose 0 = -w - 4*w + s. List the prime factors of w.
2, 5
Let g(w) = 2*w**2 + 3. Let s be g(0). Suppose -3*o + 63 = -x - 2*x, -s*o + 2*x + 59 = 0. List the prime factors of o.
17
Let x = -2003 + 2878. List the prime factors of x.
5, 7
List the prime factors of -6*((-34)/(-6))/(13/(-78)).
2, 3, 17
Let v(q) = q - 2. Let r(s) = -48*s + 11. Let g(i) = -r(i) + 4*v(i). List the prime factors of g(7).
3, 5, 23
Suppose 2*n + 8 = -0. Let h be (-2 + (-10)/n)*0. Suppose -u = 5*o - 152, h = -4*o - 2*u - 30 + 154. What are the prime factors of o?
2, 3, 5
Suppose -5*m - 3*w + 22 = -178, -4*m - w + 160 = 0. Let z be 6784/m - 2/(-5). Let u = -118 + z. List the prime factors of u.
2, 13
Let j = -130 - -463. List the prime factors of j.
3, 37
Let l(s) = -14*s + 78. Let p be l(-15). Suppose 4*m + 4*b - 460 = 0, -3*m + 50 + p = -4*b. List the prime factors of m.
2, 3, 19
Suppose -3*r + 3*n + 61 = -62, 5*n - 5 = 0. Suppose 3*v - 5*v = 2*q - r, 0 = -2*v. List the prime factors of q.
3, 7
Suppose 4*a - 1056 + 120 = -4*n, 0 = 4*n + a - 936. What are the prime factors of n?
2, 3, 13
Suppose j = -24*j + 11450. List the prime factors of j.
2, 229
Let z(l) = -3*l**2 - 8*l + 15. Let t(o) = 2*o**2 + 9*o - 15. Let h(f) = -5*t(f) - 4*z(f). List the prime factors of h(11).
2, 3, 19
Let p(b) = 2*b + 32. Let k be p(-14). What are the prime factors of 47 - (k - 5)/((-2)/(-8))?
3, 17
Suppose 3*q + 184 = 5*q. Suppose -q = -s - z, -4*z + 84 = s - 7*z. Let d = -63 + s. List the prime factors of d.
3
Suppose -21*c = -5*c - 2416. List the prime factors of c.
151
Let n(j) = -5*j - 5. Suppose -44 = 5*y + 6. Let z be (4 + y)*(-3)/(-3). What are the prime factors of n(z)?
5
Let m be (-2)/7 - 20/28. Let s(k) = 27*k**2 + 2*k + 2. List the prime factors of s(m).
3
Let z(m) = -7*m**3 - 10*m**2 - 2*m + 42. Let i(d) = 11*d**3 + 15*d**2 + 3*d - 63. Let b(u) = 5*i(u) + 8*z(u). What are the prime factors of b(-6)?
3, 7
Suppose 14*u - 8455 = -3219. What are the prime factors of u?
2, 11, 17
Suppose -3*c = 3*k - 9888, -12*c + 14*c = 4*k - 13178. List the prime factors of k.
5, 659
Suppose -5*y + 735 = -5*j, -3*y = 3*j - 190 - 227. Let k = y + -52. What are the prime factors of k?
7, 13
Let d = -38 + -88. Let a = 153 + d. List the prime factors of a.
3
Let m(r) = -r**3 - 4*r**2 + 5. Let u be m(-4). Suppose 4*y - 18 = -u*z, -3*z - 4 = -6*y + y. List the prime factors of z.
2
Let s(m) = -169*m - 10. List the prime factors of s(-3).
7, 71
Suppose 0 = -8*i - 3*i. Suppose i = -14*u + 19*u - 975. List the prime factors of u.
3, 5, 13
Let f(v) = 9*v - 9*v + 2*v**2 + 7*v**2. Let k be f(-1). Let n = k + 8. What are the prime factors of n?
17
Let v = -899 + 963. Suppose 0 = -5*j - 20, -4*k + 9 = -5*j - 31. Suppose g + v = k*g. List the prime factors of g.
2
Suppose -5*b - 28 = -3*p, p - 4 = 2*b + 5. Suppose 4*l = -3*y + 6 + p, 0 = y - 3. Suppose -9 = l*k - 31. What are the prime factors of k?
11
Suppose 3*p - 4*p + 63 = 0. Let b(g) = g**2 - 12*g. Let c be b(8). Let v = p + c. What are the prime factors of v?
31
Let c be (-884)/12 + (-2)/6. Let g = 127 + c. List the prime factors of g.
53
Let w(d) = d**3 + 5*d**2 + 2*d - 2. Let x(y) = -y + 4. Let c be x(2). Suppose -z - c = -0*z. What are the prime factors of w(z)?
2, 3
Let a(h) = -h**2 + 13*h + 5. Let p be a(11). Suppose -5*w = -7 + p. What are the prime factors of 71/3 - w/(-6)?
23
Suppose 4*h - 10 = 5*h. Let d(z) be the second derivative of -z**3/6 + 9*z**2/2 - 4*z. List the prime factors of d(h).
19
Suppose -4*t = -0*t + 80. Let f = t - -28. What are the prime factors of 4/f*162/3?
3
Let z(i) = -5*i - 3. Let a be z(-7). List the prime factors of (a/10)/((-14)/(-175)).
2, 5
Suppose 4*y - 27 = -b + 25, 129 = 2*b + 3*y. Suppose 12 = -2*p + b. List the prime factors of p.
2, 3, 5
Suppose 0 = 27*i - 25*i - 612. List the prime factors of i.
2, 3, 17
Let g(v) = 8*v**2 - v - 2. Let f be -4 + ((-4)/(-4))/(-1). Let k = -7 - f. List the prime factors of g(k).
2
Suppose -110 = -2*k - 0*k. Let v = k + -15. Suppose 0*l = 5*l - v. What are the prime factors of l?
2
Suppose 8797 + 7790 = 19*l. List the prime factors of l.
3, 97
Let h = 11 - 7.